10
Suppose 5*r - 58 = 7. Calculate the remainder when r is divided by 3/(2 + 39/(-24)).
5
Let q(t) = t**3 + 3*t**2 + 6*t + 1. Let x(n) = n + 1. Let j(b) = -q(b) + 5*x(b). What is the remainder when j(-3) is divided by 5?
2
Suppose 2*t = -3*t + 25. What is the remainder when t is divided by 3?
2
Suppose 8*p + 4*r = 4*p - 48, 2*r = 2*p + 8. What is the remainder when (-70)/4*p/10 is divided by (-16)/(-3) - (-2)/(-6)?
4
Suppose -2*z - 12 - 12 = 0. Let k = z - -24. Let f = k - 5. What is the remainder when f is divided by 4?
3
Let s = -27 + 39. What is the remainder when 46 is divided by s?
10
Let c = 32 - -116. Calculate the remainder when c is divided by 30.
28
Suppose 5*i = -3*n - 2, -n + 3*i = -0*i - 18. What is the remainder when 28 is divided by n?
4
Let q(o) = -2*o + 4. Let t be q(6). Let i be 436/(-18) - t/36. What is the remainder when 446/8 + (-6)/i is divided by 19?
18
Let h(d) = d**3 - d**2 + d - 1. Let v be h(2). Let u(x) = 3*x - 2. What is the remainder when u(v) is divided by 7?
6
Suppose 0*a + a - 19 = -4*l, -3*l + 15 = 0. What is the remainder when 7 is divided by (-45)/15 + (-5)/a?
1
Let n = 15 + 2. What is the remainder when 49 is divided by n?
15
Suppose 3*a - j - 252 = -0*j, 5*a + 2*j = 431. Calculate the remainder when a is divided by 11.
8
Suppose 0 = -3*j + 4 + 50. Calculate the remainder when 33 is divided by j.
15
Calculate the remainder when 14 is divided by 75/20*12/9.
4
Suppose -4*s = -1 - 87. Calculate the remainder when 153 is divided by s.
21
Let h = -12 + 39. Calculate the remainder when 107 is divided by h.
26
Let j be 6*(-1 + 9/6). Let a be 21/2*(-2)/j. Let l = a - -9. What is the remainder when 2 is divided by l?
0
Let t = -3 + 3. Let y be (t + 1)/((-3)/51). Let b = y - -25. Calculate the remainder when 13 is divided by b.
5
Suppose 3*v - 3*q - 45 = 0, -5*v + q + 47 = 3*q. What is the remainder when 37 is divided by v?
4
Suppose 5*r - 4*m = -0*m + 800, 2*m = r - 160. Suppose -3*t + 7*t - r = 0. Calculate the remainder when t is divided by 21.
19
Suppose -2*s - 4*p + 2 = 0, 2*s - 4*p - 11 = p. Let z = 7 + s. Calculate the remainder when 19 is divided by z.
9
Let x be (-45)/20 + (-2)/(-8). What is the remainder when 21 is divided by 3 + (-3 + -1)*x?
10
Suppose -2*m + 1 - 11 = -2*w, 2*m + 4*w = 20. Suppose m*k = -4*k + 172. Calculate the remainder when k is divided by 15.
13
Let l(w) = -w + 10. Let q be l(8). Calculate the remainder when 29 is divided by 15 - 3 - (q + 0).
9
Let d(p) = 2*p**2 + 7*p + 1. Let b(r) = 10*r - 14. What is the remainder when b(6) is divided by d(-5)?
14
Let p(k) = k**3 + 8*k**2 + 8*k - 4. Let t be p(-6). Let m = -12 + t. Calculate the remainder when 29 is divided by m.
5
Let l(y) = -y**2 + 3*y + 2. Let g be l(2). Calculate the remainder when g/6 - (-139)/3 is divided by 8.
7
Let w = 5 + 0. Let t(p) be the first derivative of -p**3/3 + 2*p**2 - 2*p + 2. What is the remainder when w is divided by t(2)?
1
Let w(f) = f**2 - 8*f - 13. What is the remainder when 36 is divided by w(-3)?
16
Suppose -5*f - 44 = -4*v + 109, 75 = 2*v - f. Calculate the remainder when 109 is divided by v.
35
Suppose -l + 6*l = -3*i + 106, 0 = -5*l - i + 102. Let j = l - 16. Calculate the remainder when 10 is divided by j.
2
Let b = 6 - 2. Suppose -b*x + 40 = -0*x. What is the remainder when 18 is divided by x?
8
Let v = 39 - 16. What is the remainder when v is divided by 12?
11
Suppose 0 = 5*f - 73 - 87. Suppose f = 4*q - 2*q. What is the remainder when q is divided by 3/(1/(-2)*-1)?
4
Let s(v) = -v + 26. Let g(n) = n**3 + 7*n**2 + 6*n + 5. Let j be g(-6). Let z = 16 - j. What is the remainder when s(-5) is divided by z?
9
Let h(f) = 12*f**2. Suppose 239*k + 21 = 242*k. What is the remainder when h(-1) is divided by k?
5
Let u = 59 + -26. What is the remainder when 97 is divided by u?
31
Suppose -2*m = s - 21, -5*s = -m - 4*m + 15. Calculate the remainder when 30 is divided by m.
6
Suppose -168 = -10*c + 2*c. What is the remainder when -61*(1 + -3 + 1) is divided by c?
19
Suppose o = -3*y - 0*y + 26, 0 = -3*o + 5*y + 134. What is the remainder when o is divided by 11?
5
Let i = 5 - 2. Suppose 4*v = -i*w + 2*v + 140, -5*w = v - 231. What is the remainder when w is divided by 12?
10
Suppose 0 = -s - 5*u + 20, 0 = 6*s - 4*s - 5*u + 5. Let b(g) = g**2 + 2*g + 6. What is the remainder when b(-4) is divided by s?
4
Let u = 33 - -25. What is the remainder when u is divided by 12?
10
Suppose 0 = 2*b - 0 - 6. Suppose 2*w = b*w - 4. Calculate the remainder when 15 is divided by 12/((30/w)/5).
7
Let q(u) = u**3 + 8*u**2 + 3*u + 4. What is the remainder when q(-4) is divided by 19?
18
Let v(i) = 2*i - 9. Let q(g) = 7*g**2 - 2*g + 3. Let k(y) = 8*y**2 - y + 3. Let c(u) = 6*k(u) - 7*q(u). What is the remainder when c(6) is divided by v(7)?
4
Let j(m) = m**3 + 7*m**2 + 5. What is the remainder when j(-7) is divided by 3?
2
Let g(n) = 5*n**3 - n**2 + n + 2. Let v be 1/3 + 161/21. Let z = -6 + v. What is the remainder when g(z) is divided by 21?
19
Suppose 8*o - 12 = 6*o. What is the remainder when o is divided by 3?
0
Suppose -9 = -5*g + 4*g. What is the remainder when 32 is divided by g?
5
Calculate the remainder when (-2)/4 + (-46)/(-4) is divided by 7.
4
Suppose 0 = 3*o + 3*d - 13 + 1, 6 = -3*d. Calculate the remainder when 21 is divided by o.
3
Suppose 5*k + 12 = -o, -o - o + 3*k = -28. Suppose 2*g = g + 2. Suppose 2*q - 4*l - 16 = -l, 0 = -g*q + l + 12. What is the remainder when o is divided by q?
3
Suppose -4*u = -767 + 219. What is the remainder when u is divided by 28?
25
Let w(o) = -o**3 - 5*o**2 + 3*o - 6. What is the remainder when w(-7) is divided by 12?
11
Suppose 0 = -2*u + 2 + 44. What is the remainder when 183 is divided by u?
22
Let w = 24 + 1. Let i = w - 18. Let j(p) = 14*p**3 - p. What is the remainder when j(1) is divided by i?
6
Suppose 2*w + z - 18 = 7, 40 = 2*w + 4*z. Suppose 4*y - 16 + 0 = 0. Calculate the remainder when w is divided by 2/y + 63/18.
2
Suppose -3*c + c - t - 6 = 0, 0 = 3*c - t + 4. Let g = c + 26. Suppose 4*q - 32 = g. What is the remainder when 27 is divided by q?
13
Suppose -i = -3*i + 10. Let o(z) = z**3 + 7*z**2 - 7*z + 11. Let x = 0 + -8. What is the remainder when i is divided by o(x)?
2
Let m = -3 - -18. What is the remainder when 41 is divided by m?
11
Let k(u) = u - 1. Let b(w) be the second derivative of -8*w**3/3 - 2*w. Let h(c) = b(c) + 12*k(c). What is the remainder when h(-10) is divided by 10?
8
Let i = 159 + -91. Calculate the remainder when i is divided by 14.
12
Suppose -2*t + 3 = -3. Let v(o) = o**2 + 16*o + 43. What is the remainder when v(-13) is divided by t?
1
Let z(f) = -2*f**2 + 3. Let r be z(2). Let j(x) = 2*x**2 + 6*x + 5. Calculate the remainder when j(r) is divided by 9.
7
Let w be (-21)/(-12) + (-4)/(-16). Suppose w*t = -3*t + 30. What is the remainder when 9 is divided by t?
3
Suppose -2*u + 3*b - 10 = 0, 5*u + 0 = 4*b - 18. Suppose -3*z + 5*h = -8*z - 15, 5*z + 15 = h. Calculate the remainder when 22 is divided by z/(-8 - u)*16.
6
Let m be -1 - 0 - 1 - -33. Suppose -3*k + m = -20. What is the remainder when k is divided by 6?
5
Let p be (-9)/(-4) - 1/4. Suppose u + 4*a - 19 = -2, -p = -2*a. Let o = 95 - 57. Calculate the remainder when o is divided by u.
12
What is the remainder when 4 is divided by -2 - (4/(-4) + -3)?
0
Let o = 47 + -37. Calculate the remainder when o is divided by 3.
1
Let h = 33 - 13. Calculate the remainder when 39 is divided by h.
19
Suppose 0 = -3*p - 30 + 42. Let c = 5 + -3. Let l(u) = 2*u - 2. Calculate the remainder when p is divided by l(c).
0
Suppose 2*i - n = i + 71, 3*n = -12. Suppose -5*y = -5*h - i - 3, y + h - 20 = 0. Calculate the remainder when y is divided by 5.
2
Let b(d) = -d - 3. Let v be b(-6). Let n be -4 - v*(-1)/(-3). Calculate the remainder when 14 is divided by ((-12)/n)/((-15)/(-50)).
6
Let v be 1/(-2) - (-10)/(-4). Calculate the remainder when 27 + v*(-2 + 1) is divided by 8.
6
Suppose 23 = 2*p - p. What is the remainder when p is divided by 14?
9
Let i be 69 - 6/(-4)*(15 - 13). Let m(y) = -42*y**3 + y**2 - 2*y + 1. Let l be m(1). Let d = i + l. What is the remainder when d is divided by 11?
8
Calculate the remainder when 104 is divided by 16 + (4/2)/(-2).
14
Let q = -29 + 51. Let b = q - 7. Suppose -108 = -4*